s digit of v(12)?
1
Let p = 6 - 7. Let a be p - 1 - (4 - 6). Suppose 0 = -5*q - a*q + 45. What is the units digit of q?
9
Let z(b) = -81*b - 5. Let l be z(-3). What is the tens digit of (-6)/(-4)*l/3?
1
Let j(z) = 0*z**2 - 3*z - z**2 + 10 + 6*z - 11*z. Let g be j(-8). Suppose -g*k = -8*k - 48. What is the tens digit of k?
2
Let u(n) = 137*n**3 + 6*n**2 - 3*n + 5. What is the thousands digit of u(2)?
1
Suppose 37*g + 5*g - 5376 = 0. What is the hundreds digit of g?
1
Suppose 8*p - 9*p = 0. Suppose p = -20*u + 25*u + 25. What is the units digit of u*(4 - 124/20)?
1
Suppose -2*j = -a + 1 - 4, -4*j - 2*a = 14. What is the tens digit of j/(-2) - (-5055)/30?
6
Suppose 0 = 16*t + 90 - 1994. What is the units digit of t?
9
Let x(r) = -317*r + 464. What is the units digit of x(-8)?
0
Suppose 6*d + 2470 = 7822. What is the tens digit of d?
9
Let v be (-2)/4 - (-2)/(-8)*-814. Let h = 362 - v. What is the tens digit of h?
5
Let j(d) = -7 - d + 7*d - 2. Let b be (-28)/42 - (-40)/6. What is the units digit of j(b)?
7
Let v(j) = 3*j - 2. Let s be v(1). What is the tens digit of -4*s*8/(192/(-174))?
2
Let n(f) = -123*f + 204. What is the tens digit of n(-40)?
2
Let t = 18 + -17. Let v be ((-42)/56)/(t/(-68)). What is the units digit of v/4 + 4/16?
3
Suppose -3*l = -2*l. Suppose -4*q + 0*q - 32 = l. What is the units digit of (2 + -6)*34/q?
7
Let g be (97/(-4)*2)/(7/14). Let o = 272 + g. What is the hundreds digit of o?
1
What is the units digit of (9/(-6))/((-4)/856*1)?
1
Let t = -2 + -2. What is the units digit of (t + 4 - -2) + 27?
9
Suppose 2*f - 4 = -4*y, -2*y = -4*f - 17 - 5. What is the hundreds digit of (598/f + 2)*8/(-10)?
1
Suppose 2*p + x + 11 = 0, 0 = 11*p - 8*p - 4*x. What is the tens digit of 91 + (-3)/15 + p/5?
9
Let d(o) = 353*o - 12. What is the tens digit of d(2)?
9
Suppose -2*t + 869 = -1049. What is the tens digit of t?
5
Suppose 2*b + 84 = 5*b. Suppose 5*j - 2*r = b, 3*r = 2*j - 20 - 0. Suppose -h - 27 = -j*h. What is the units digit of h?
9
Suppose 119 + 137 = -32*t. Suppose 2*q - 8 = 4*l, -6*q + q - 10 = 0. What is the units digit of (t + l)/((-2)/8)?
4
Let s = 71 + -74. What is the units digit of 2*s/((-18)/(-3))*-2?
2
What is the units digit of 3*48/252*(-5803)/(-2)?
8
Let m = 6 + -4. Let r(w) = 4*w - 132. Let o be r(33). Suppose o*d = -3*d + m*b + 124, -47 = -d - 5*b. What is the tens digit of d?
4
Let o = 3311 - 2185. What is the thousands digit of o?
1
Suppose -5*i = -3*i + f, 0 = -3*i - 2*f - 2. Suppose 61 = -2*x + 157. Suppose 0 = -5*c + i*c + x. What is the tens digit of c?
1
Let b(x) = x**3 - 25*x**2 - 56*x + 142. What is the tens digit of b(27)?
8
Let i(j) be the first derivative of 2*j**2 - 2*j**2 + 4*j**2 + 3 - 2*j**2 + j. What is the units digit of i(4)?
7
Let x(p) = p**2 - 7*p + 6. Let n be x(11). Suppose 30 = 4*w - n. What is the tens digit of w?
2
Let l(w) = -w**2 + 13*w - 16. Let r be l(10). Let y be (r/(-2) + 4)/(-1). Suppose 0 = -4*f + y*f + 79. What is the units digit of f?
9
Let c(d) = d**3 + 8*d**2 - 8*d - 9. Let y be c(-9). Let k be -1 - y/3 - 3. Suppose 0 = -k*m - 0 + 14. What is the units digit of m?
7
Let v be 950/6 + (-1)/3. Suppose -5*n = -3*n - v. What is the tens digit of n?
7
Let p be 0 + (-5 - -4) + 63. Suppose -3*z = 1 + p. What is the units digit of 3 - (4 + -2)*z?
5
Let m be 1532/9 + (-28)/126. Suppose 3*b - m = -4*l, 2*b - 214 = -2*b + l. What is the units digit of b?
4
Let v(b) = -6*b**3 + 2*b**2 - 2*b + 1. Let a be v(1). Let f(w) = 4 + 4*w + 6*w**2 + w**3 - 7 + 0*w**2. What is the units digit of f(a)?
2
Let p(t) = -t**2 + 5*t - 24. Let i be p(7). Let s = i - -45. What is the units digit of s?
7
Let x be 30/5 - (1 + -2). Let r(u) = -5*u**2 + u**3 - x + 5*u**2 + 8*u**2 + 5*u. What is the units digit of r(-7)?
7
Let i(c) = c**3 - 4*c**2 - 5*c - 10. Let v be i(5). Let q = v - -31. What is the tens digit of q?
2
Let w be ((-105)/(-10))/7*-2. What is the tens digit of 126*(w/2 - -2)?
6
Suppose 3*l - 123 = -4*m, -3*m - 82 = -2*l - m. What is the units digit of l?
1
Let f(o) = 19*o - 11. Let b be -1 + 2 - 6/((-24)/20). What is the hundreds digit of f(b)?
1
Let f be 3 + -2 + 1 + 2. Suppose -f*i + 152 = 2*x, 0 = 3*x - 2*x + i - 79. What is the units digit of x?
2
What is the thousands digit of 1144 - 19 - (2 - -1)?
1
Let i be (8/6)/(10/15). Let s be -22 + ((-4)/i - 1). Let g = 43 + s. What is the tens digit of g?
1
Let y(m) = -94*m + 2. Let g(i) = i**3 - 13*i**2 - 1. Let p be g(13). What is the units digit of y(p)?
6
Suppose 0 = h + 3 - 4. Let g(x) = -9*x + 16. Let r be g(3). What is the units digit of (-2)/h*(r + 0)?
2
Let y(b) = 3*b**2 + 2*b - 2. Let x be y(1). Suppose 7*u = 2*u - 25. Let p = x - u. What is the units digit of p?
8
Let i = 62 - 67. What is the hundreds digit of -14*1/i*11*10?
3
Let w be 36/(-24)*(-76)/3. Suppose 5*n + i = -i - w, 3*n = i - 25. Let f = n - -34. What is the tens digit of f?
2
Suppose 4*f + 520 = -4*v, -5*v + 2*v + 3*f = 408. Let j = -85 - v. What is the units digit of j?
8
Suppose 3688 = 4*k + 4*k. What is the units digit of k?
1
Let k be (-1)/(1 - 2) + -1. Let y(t) = t**3 - 9*t**2 + t + 3. Let z be y(9). Suppose 4*v - 3 = -5*i + 171, 3*v + z = k. What is the units digit of i?
8
Suppose 0 = -2*b + 4*u + 3256, -u + 6560 = 4*b + 3*u. What is the thousands digit of b?
1
Suppose 4*f - f = 4*g - 18, 5*g - 22 = 4*f. Let v(w) = 4 + g + 4*w + 3*w - 6*w. What is the units digit of v(7)?
7
Let f(l) = -l**2 + 2*l - 3. Let k be f(14). What is the units digit of (3 + -1)*k/(-6)?
7
Suppose -167 = -5*m - d, -120 = -5*m - 4*d + 38. Suppose -m = -3*x + 110. What is the units digit of x?
8
Let f(g) = 5*g**2 - 13*g - 2. Let d be f(11). Let k = d - 319. What is the units digit of k?
1
Let p = -269 + 498. What is the hundreds digit of p?
2
Let q(w) be the second derivative of 2/3*w**4 - 1/20*w**5 - 7/6*w**3 + 0*w**2 + 0 - w. What is the tens digit of q(6)?
3
Let g = -43 + 35. Suppose 0 = -0*q - 5*q - 5. What is the units digit of 57*q*g/24?
9
What is the units digit of ((-22)/8)/(42/(-35616))?
2
Let m = 11 + -7. Suppose j = -m*j - 15. What is the tens digit of ((-33)/(-2))/(j/(-6))?
3
What is the tens digit of 65/13 - 438/(-1) - 4?
3
Let x(v) = v**2 - 12*v + 7. Let f be x(5). What is the units digit of 464/7 + 8/f?
6
Let w = 5257 + -1773. What is the tens digit of w?
8
Suppose -3*f + 7866 = 5*m, 6*m = 2*m - 4*f + 6288. What is the tens digit of m?
7
Suppose -2*r = 5*s + 1, 4*s - 2*r = -3*r + 1. Let i = 5 - s. Suppose 0 = -0*j - 2*j + i. What is the units digit of j?
2
Let a(p) = -p + 19. Let i be a(11). Let b(k) = 12*k - 25. What is the units digit of b(i)?
1
Let s = 575 - 395. What is the hundreds digit of s?
1
Let c be 2/(-7) - 18/(-14). Let s be 74/(-3)*6/(-4). Suppose 0 = i - c - s. What is the units digit of i?
8
Suppose 44 = -2*y + 3*t, -2*t - t - 36 = 3*y. Let p = 14 + y. What is the units digit of (4 + (-15)/2)*p?
7
Let s(y) = -124*y - 15. Let t be s(-3). Suppose -2*l + t = 51. What is the tens digit of l?
5
Let g(j) = -107*j + 95. What is the thousands digit of g(-20)?
2
Suppose 39*l = 12*l + 40662. What is the units digit of l?
6
Let p = 5 - -2. Suppose p*k - 222 = k. Let q = 54 - k. What is the tens digit of q?
1
Suppose 0 = 2*x - 0*x + 4*k + 12, -5*x = -k - 3. Suppose o - t = 6*o - 69, 4*t + 4 = x. What is the units digit of 936/84 - 2/o?
1
Suppose 0*i - 2*i + 32 = 0. Suppose -2*v + 7*x - 10 = 4*x, 5*v + x = -25. Let q = v + i. What is the units digit of q?
1
Suppose -7*a + 4*a - 5*v = 15, 2*a = -5*v - 15. Suppose 0 = -q, a = t + 3*t - 3*q - 360. What is the tens digit of t?
9
Let s = -91 + 154. Suppose 2*p - s = p. What is the tens digit of p?
6
What is the hundreds digit of (-28340)/(-100) - 12/30?
2
Suppose 0 = 84*b - 88*b + 344. What is the tens digit of b?
8
Suppose -5 = 9*j - 59. Suppose -51 = -w - j. What is the units digit of w?
5
Let z(q) = 281*q. Let c be z(-1). Let a = -130 - c. What is the tens digit of a?
5
Let p be 4 + (-6)/(-2)*2. Suppose 0 = 12*g - p*g - 28. Suppose g - 68 = -2*m. What is the units digit of m?
7
Let o = 1377 + -451. What is the units digit of o?
6
What is the tens digit of ((-5)/(-2))/(((-105)/182)/(-15))?
6
Let u(p) = -p**3 + 4*p**2 + 2*p + 4. Let s be u(4). Let h = s + -10. Suppose -1 = h*a - 27. What is the tens digit of a?
1
Let r = -31 + 86. Su